42340334
What is a595a7 (base 11) in base 8?
6361240
220022110200 (base 3) to base 5
110303231
What is -53525425 (base 6) in base 9?
-2871528
743bd (base 15) to base 5
43244403
Convert 3332303313 (base 4) to base 12.
423bb3
What is -142218 (base 9) in base 4?
-111032102
Convert 4d7 (base 15) to base 16.
44e
100010110010011010111001 (base 2) to base 15
c020b2
26973 (base 11) to base 9
57647
Convert -34505230 (base 6) to base 11.
-66929a
Convert 117258 (base 12) to base 2.
1000100110110100100
Convert -11690a (base 11) to base 14.
-4b4a5
What is -1121211044 (base 5) in base 16?
-267e19
16055464 (base 8) to base 16
385b34
Convert 109478 (base 10) to base 7.
634115
What is 181662 (base 10) in base 14?
4a2bc
What is -303785 (base 9) in base 6?
-3505122
-13055133 (base 6) to base 11
-272226
Convert -10222111201200 (base 3) to base 6.
-113204413
1243240333 (base 5) to base 12
1057595
What is e6b41 (base 15) in base 4?
2302212100
Convert -c1931 (base 14) to base 4.
-1301222013
What is -b73cbf (base 16) in base 3?
-211121002202102
Convert 45321453 (base 6) to base 15.
1c3a5c
Convert d145 (base 15) to base 4.
22302011
What is 27b56c (base 16) in base 7?
31056010
Convert -20111121202 (base 3) to base 16.
-1f41b
31644 (base 10) to base 7
161154
-15814b (base 13) to base 8
-2016702
-214764 (base 8) to base 12
-35930
1100000000010010111 (base 2) to base 10
393367
1607120 (base 12) to base 11
2598376
45c71 (base 16) to base 4
1011301301
Convert -244330415 (base 6) to base 12.
-16a3a0b
Convert 12330232323 (base 4) to base 11.
1034685
-1135433 (base 6) to base 12
-2a579
What is 39244 (base 14) in base 4?
202101230
38b251 (base 12) to base 8
3433635
What is 3334402 (base 5) in base 3?
2222120002
What is 10001210011020 (base 3) in base 14?
305b5b
30200105 (base 8) to base 6
344130501
What is -16747 (base 12) in base 2?
-111110110100111
What is 29da7 (base 16) in base 5?
20441211
What is -1101010110100001100 (base 2) in base 3?
-211020011022
What is 1015351 (base 7) in base 9?
205247
Convert 210120200012 (base 3) to base 6.
13034305
What is -358001 (base 9) in base 11?
-138139
Convert -11110000010111111 (base 2) to base 6.
-2345435
-a51b5b (base 12) to base 8
-11715067
What is -199008 (base 10) in base 6?
-4133200
-dc645b (base 15) to base 2
-101000000011101000000011
What is 14151634 (base 7) in base 12?
539b91
Convert -20501230 (base 6) to base 13.
-17c895
What is 3025726 (base 8) in base 13?
21c0b0
Convert 10411221 (base 6) to base 5.
40001022
43024224 (base 6) to base 3
2101011212021
Convert -103322223 (base 4) to base 6.
-1425403
Convert -3149b9c (base 13) to base 15.
-14b0c1a
1224233043 (base 5) to base 16
2d30f0
Convert -279acf (base 16) to base 12.
-a52067
Convert 40431320 (base 6) to base 11.
719906
Convert -111101111000000101 (base 2) to base 13.
-8b48a
Convert -103233213 (base 4) to base 9.
-132836
Convert -1477008 (base 9) to base 8.
-3076763
What is 10001111100100110 (base 2) in base 9?
121747
Convert -1311222331 (base 4) to base 8.
-1655275
What is 40426252 (base 7) in base 15?
46809a
Convert 6532 (base 12) to base 8.
25566
Convert -1820ee (base 15) to base 8.
-4357625
14131243 (base 5) to base 14
3b1dd
What is -75a39 (base 11) in base 14?
-2c334
-490ca (base 13) to base 7
-1066130
What is -a06a3 (base 14) in base 8?
-1360707
Convert 1004432201 (base 6) to base 5.
10114043232
-2985386 (base 11) to base 2
-10011100001001110010101
-8919eb (base 15) to base 6
-352032222
What is -6ca473 (base 14) in base 5?
-1422410021
What is 405a5b (base 12) in base 11?
627482
72528 (base 13) to base 4
302012100
Convert 8915 (base 13) to base 6.
224255
-141893 (base 10) to base 4
-202221011
Convert 124130 (base 7) to base 3.
1011121202
Convert 392182 (base 12) to base 7.
10651151
1025420351 (base 6) to base 15
e5603d
-31239 (base 11) to base 12
-2242a
What is 5021141 (base 9) in base 10?
2671174
-3264704 (base 8) to base 6
-30501352
Convert -1153661 (base 7) to base 2.
-100100000101110011
What is 53313504 (base 6) in base 4?
11332012300
What is -54615 (base 10) in base 9?
-82823
-23202310220 (base 4) to base 2
-1011100010110100101000
-602b76 (base 16) to base 15
-847672
-38288 (base 10) to base 15
-b528
570b4a (base 12) to base 8
5234552
-34220 (base 12) to base 9
-115216
Convert 39f6e1 (base 16) to base 7.
44201040
-4e4733 (base 15) to base 11
-2139a80
Convert 7501235 (base 8) to base 11.
11462a3
Convert -20212220000 (base 3) to base 12.
-66509
13310053 (base 6) to base 14
b8025
What is -41114 (base 10) in base 15?
-c2ae
Convert 2410044 (base 5) to base 10.
44399
What is 327144 (base 10) in base 3?
121121202110
155123310 (base 6) to base 12
1143536
Convert 41671 (base 10) to base 15.
c531
Convert 2303513 (base 8) to base 4.
2120131023
1d98c (base 15) to base 3
11220120220
What is -145112 (base 7) in base 12?
-14388
What is -111146425 (base 7) in base 16?
-66c355
What is -112322232 (base 4) in base 5?
-11000440
What is 11000010100010101010101 (base 2) in base 10?
6374741
Convert -22141142 (base 5) to base 8.
-571421
What is -61c05a (base 14) in base 13?
-8b63c8
What is 296ca (base 15) in base 10?
133165
What is -5126761 (base 10) in base 4?
-103203221221
Convert 1563ba8 (base 15) to base 16.
ec9288
2852d9 (base 16) to base 13
716ac9
-75303 (base 11) to base 13
-3aac9
What is -231523 (base 8) in base 12?
-39643
Convert d869c (base 14) to base 5.
113211144
What is -200200111112 (base 3) in base 8?
-1316245
What is 45284 (base 12) in base 16?
16744
-95562 (base 12) to base 5
-22233213
What is -15430330 (base 6) in base 14?
-103b8a
15345422 (base 9) to base 11
43537a2
-48573 (base 16) to base 4
-1020111303
Convert -2241438 (base 11) to base 7.
-45240012
3781 (base 9) to base 15
c87
What is -82beaf (base 16) in base 12?
-2a52753
b5a480 (base 13) to base 6
231030522
Convert -1114321315 (base 6) to base 12.
-412923b
What is 2002110 (base 6) in base 2?
10110111001011010
What is -2488a6 (base 14) in base 6?
-42504454
-3362562 (base 8) to base 4
-3132111302
30231330001 (base 4) to base 12
1149401
What is -13013751 (base 8) in base 16?
-2c17e9
Convert -1856332 (base 9) to base 13.
-2a5c5a
What is 1b11929 (base 12) in base 9?
11728266
-31130220 (base 4) to base 14
-16104
What is -9ebe1 (base 15) in base 10?
-505561
488694 (base 13) to base 16
1a6f13
Convert -4223a (base 14) to base 15.
-3244b
What is 1011110111101100110 (base 2) in base 4?
1132331212
-3667210 (base 8) to base 15
-14e9c6
Convert 10100002201121 (base 3) to base 8.
6607621
What is 666231 (base 8) in base 15?
46759
Convert -1463707 (base 9) to base 8.
-3055444
Convert 30602 (base 7) to base 5.
214444
What is 94340 (base 13) in base 3?
111112102112
Convert 110033123202 (base 4) to base 9.
10876516
2b303 (base 13) to base 14
21b4b
931b (base 14) to base 15
7774
What is -32351503 (base 6) in base 10?
-963327
What is 103323023 (base 4) in base 13?
2b1ba
-110221021111121 (base 3) to base 2
-11010001110011011010101
66c658 (base 16) to base 14
c74876
What is -17566 (base 11) in base 10?
-24635
Convert 35602152 (base 7) to base 2.
1100000011100110101000
408014 (base 11) to base 8
2377023
What is 23aca3 (base 15) in base 8?
6406334
Convert -23003113 (base 4) to base 5.
-2422041
3560 (base 16) to base 4
3111200
3a426 (base 11) to base 16
e191
What is 55256314 (base 7) in base 9?
8844874
Convert 101010000011110111 (base 2) to base 4.
222003313
What is -321100123 (base 4) in base 9?
-386631
What is -225543120 (base 6) in base 11?
-2407416
88740 (base 13) to base 9
416206
4659207 (base 12) to base 2
110011101101101011100111
-4021144 (base 5) to base 10
-63924
Convert -2144102 (base 6) to base 3.
-12110000102
What is 5a98b8 (base 12) in base 5?
333441424
-b665 (base 12) to base 10
-19949
-213313333 (base 4) to base 16
-27dff
Convert 15f06 (base 16) to base 7.
522663
-441110 (base 5) to base 9
-22708
What is -683451 (base 10) in base 4?
-2212312323
Convert 2010000221020 (base 3) to base 10.
1122612
What is 222451105 (base 6) in base 14?
776081
What is -344421 (base 6) in base 5?
-1421113
20202021101 (base 3) to base 5
13223002
What is 11516345 (base 8) in base 10?
2530533
-2122237 (base 8) to base 10
-566431
What is 36bad3 (base 14) in base 3?
10112022210111
What is 32323020 (base 6) in base 8?
3522324
Convert 11c9ce5 (base 15) 